 4. Suppose -3*r = 4*c - 23, 27 = 5*r - 0*c + c. Let w(z) = -z**3 - z. Let j(s) = r*w(s) - h(s). Is j(-13) composite?
True
Suppose 2540 + 5275 = 5*u. Is u prime?
False
Suppose -32*d + 1055 = -27*d. Is d prime?
True
Is ((-171270)/12)/11*4/(-6) prime?
False
Suppose 2*l - 103 = -s + 143, -2*l + 500 = 2*s. Is s prime?
False
Suppose 776 = -2*i + 6*i. Is i a prime number?
False
Let z(u) = u**2 + u - 4. Let d(h) = -h + 1. Let r(y) = -2*d(y) + z(y). Suppose 0 = 4*n + 5*q - 6, -5*q = -4*n + 37 - 11. Is r(n) composite?
True
Is (-3)/(-7) - (5 - 3273/7) a prime number?
True
Suppose 13 = 2*u + 3. Suppose -5 = -5*h, u*j + 377 = -2*h - 211. Let f = -79 - j. Is f a composite number?
True
Let h = -2 - -5. Let o = h - -2. Suppose -d = -48 - o. Is d a prime number?
True
Let c = 8 + -5. Suppose -45 - 20 = -5*l - 2*i, c*l - 5*i = 8. Is l composite?
False
Let g(n) = 19*n**2 + 2*n + 5. Is g(6) a composite number?
False
Is (9056 - 1) + 28/(-4 - -11) composite?
False
Let m(r) = -9*r**2 + 2*r. Let z be m(3). Let s = 2 - z. Is s prime?
False
Suppose 0 = 3*u - 1256 + 47. Let j = u - 152. Is j composite?
False
Let l(o) = -o**2 + 4*o + 2. Let j = 5 + -1. Let r be l(j). Is 13*r - (-1 + 2) a prime number?
False
Suppose -4*l = 100 - 8. Let c be l/(-5) + (-2)/(-5). Suppose 168 = c*s - 97. Is s a prime number?
True
Suppose -4*n - 2851 = -6779. Is n a prime number?
False
Is (-1)/((-202)/(-102) + -2) a prime number?
False
Suppose -28242 = -9*k + 19053. Is k composite?
True
Let n be 9228/(-27) - 4/18. Let a = n - -497. Is a prime?
False
Suppose 5 + 1 = 2*z - 2*f, -3*f = -4*z + 11. Let j = 0 + z. Suppose -2*r + 45 = j*o - 13, r + 4 = 0. Is o prime?
False
Let a = 8 + 135. Is a prime?
False
Suppose 4 + 8 = -4*y. Let o be 2 + 826 - (y + 3). Suppose o = 4*g + 4*m, 0 = g - 5*m + 4*m - 215. Is g a composite number?
False
Let o(c) = -3*c**2 + 4*c + 12. Let d be o(-5). Suppose 3*f - 3*g = 498, 155 + 21 = f + 4*g. Let i = f + d. Is i prime?
False
Is -3 + -1 - (-3705)/19 a prime number?
True
Let i(a) = -a + 1. Let u be i(-2). Suppose u*z = -2*z. Suppose z*v - 4*j = -v + 31, 3*v - j = 115. Is v prime?
False
Let a be (-3)/(-2) + (-9)/6. Let b(i) = a*i**3 - 83 + 244 + i**3 - i - i**2. Is b(0) a prime number?
False
Let t(k) = 82*k**2 + 10*k - 1. Is t(4) a prime number?
False
Is 1345/2 + 0 + 3/6 a composite number?
False
Let w be 2 - ((-5 - -2) + 2). Let m be 3 - 2 - w - -806. Is m/9 - 2/6 prime?
True
Let w(b) = 5*b**2 - 2*b + 3. Let j(t) = -t**2 - 14*t - 8. Let o be j(-13). Is w(o) a prime number?
False
Let p be (15/6)/(1/2). Is 2/2 - (-359 + p) a prime number?
False
Suppose 2*n = -0*n + 2. Let h be 1 - ((-4 - 1) + n). Let v(l) = -l**2 + 9*l + 6. Is v(h) a composite number?
True
Let x(f) = -47*f + 3. Let r be x(2). Let n = -4 - r. Is n a prime number?
False
Suppose 4*a + 14 = -z, 0*a - 4*a - 20 = -2*z. Is (44/(-10))/(z/(-5)) composite?
False
Suppose -2*d = 3*h - 25, -2*h + 4*d + 6 = 16. Suppose -o = -5*b + 2907, 5*b + h*o = 3*b + 1152. Is b a composite number?
True
Let p(d) = d**3 + d**2 + d + 74. Suppose -4*f - f + 5*z = 0, 6 = -2*f + 5*z. Suppose f*v = v. Is p(v) composite?
True
Suppose 5*g + 2*n - 1861 - 1382 = 0, 5*g - 3248 = 3*n. Is g a composite number?
True
Let a = 54 + -20. Is a a prime number?
False
Suppose -7 = -5*l + 3. Suppose -519 = -l*k + 1903. Is k a composite number?
True
Let u = 185 + -330. Let r = u + 258. Is r composite?
False
Let o(i) = 10*i**2 + 4*i**2 - 6 - 13*i**2 - 9 + 10*i. Let s(h) = -h + 5. Let m be s(-5). Is o(m) a prime number?
False
Let w be -124*6/4 + 0. Is w/(-10) + (-4)/(-10) prime?
True
Suppose 7 = n - 6*n - 4*g, 2*n - 3*g - 11 = 0. Let o = -1 + n. Suppose o = 2*a - 7 - 99. Is a a composite number?
False
Suppose -2*t + 3*g + 160 = -265, 0 = 2*t + 3*g - 419. Is t prime?
True
Suppose 2 = -3*w + 17. Let q be 151/5 + (-1)/w. Suppose 0*i = -5*i + q. Is i prime?
False
Suppose -h - 4*h = 3*g - 1185, 5*h + 395 = g. Is g a composite number?
True
Let d = 12 + -9. Suppose 4*u - 468 = -2*g, u + 4*u - d*g - 563 = 0. Is u a prime number?
False
Suppose -146 = 2*b - 3*q - 429, -5*q = -5*b + 720. Is b a composite number?
False
Let k = -882 - -1240. Is k a prime number?
False
Let b(u) = 2*u**3 - 3*u**2 + u - 2. Let g be b(2). Suppose 31 = -g*h + 155. Is h prime?
True
Suppose 5 + 3 = 4*p. Suppose p*h = 44 + 36. Suppose -2*y = h - 206. Is y composite?
False
Let p(y) = -y**2 - 9*y - 10. Let w be p(-7). Suppose 3*u + 18 = -r - 0*u, -86 = w*r - 2*u. Is (-1035)/r + (-10)/35 a prime number?
False
Suppose 96 + 64 = -4*o. Let f = 405 - o. Is f composite?
True
Let b = -118 + 1877. Is b a composite number?
False
Let s = 10 - 2. Let h = 5 - s. Let a(t) = t**2 + t - 3. Is a(h) a composite number?
False
Suppose -4*r + r = -1011. Is r composite?
False
Suppose 2*z + 1 = 17. Let o be (-2)/(-3)*(z + -2). Suppose -o*y + 11 = -n + 66, 0 = 2*n - 4*y - 102. Is n prime?
True
Let y(b) = -2*b + 5. Let t be y(-4). Let o(u) = -u**3 + 15*u**2 - 18*u + 14. Is o(t) composite?
True
Let t = 1558 - -2191. Is t a prime number?
False
Let n be ((2 - 3) + -343)/(-2). Suppose -19*d + 23*d - n = 0. Is d a prime number?
True
Let z(p) = 0*p - 4*p + 5 - 2*p. Let y be z(4). Let q = 18 - y. Is q a composite number?
False
Suppose f - l - 87 = -2*l, 0 = 3*f - 2*l - 286. Let k = -42 + 29. Let h = f + k. Is h prime?
True
Suppose -4*u - 876 = -v - 0*v, -5*v = -5*u - 4380. Let h = 79 + v. Is h a composite number?
True
Let t = -290 - -147. Let x = -96 - t. Is x a prime number?
True
Suppose -d + 20 + 67 = 0. Is d composite?
True
Let l be ((-3)/(-6) - 1)*-6. Suppose 58 = 2*f - 4*d, 5*f - 121 = -l*d + 7*d. Is f a prime number?
False
Suppose 0 = -2*x + r + 1281, 3*r - 165 - 1120 = -2*x. Is x composite?
False
Let g(o) be the third derivative of 13*o**4/4 + o**3/6 - 3*o**2. Let r be (2 + -3)*(2 - 3). Is g(r) composite?
False
Let v(s) = -s - 4*s + 2*s**2 + 3*s + 5. Let j(y) = -y**2 - 7*y + 1. Let l be j(-6). Is v(l) a composite number?
False
Let n(m) = m**3 - 9*m**2 + 10*m + 11. Let o be (90/12)/((-6)/(-8)). Is n(o) a composite number?
False
Suppose -105 = -0*i + 3*i. Let x = 56 + i. Is x composite?
True
Let x(p) be the first derivative of -p**4/4 - 8*p**3/3 - p**2/2 - 5*p - 2. Let t be x(-8). Let h = 6 - t. Is h a prime number?
True
Suppose -5*f - 4*z - 52 = 0, 2*z + 4 = f - 2*z. Let c = f + 11. Suppose c*a - 48 = 207. Is a prime?
False
Suppose -4*z = -3*d - 1429, 4 = z - 2*d - 357. Is z a prime number?
False
Suppose 6*i = 3*i + 51. Suppose 6*r + 2*b - 14 = 3*r, r + i = -5*b. Let o(q) = -q**2 + 9*q + 1. Is o(r) a composite number?
True
Suppose 4*n - 508 - 124 = 0. Suppose -5*y = 48 - n. Is y composite?
True
Suppose -3*w = 4*a - 163, 4*a - 8 = -4. Let z = 132 - w. Is z a prime number?
True
Let s(m) = -m**2 + 9*m - 3. Let v be 2/5 - 18/(-5). Suppose -n + 10 = 4*q, 0*q = -v*n - 2*q + 26. Is s(n) composite?
True
Let o(u) = 5 - 2*u**2 - 4 - 7 + 1. Let x be o(-6). Let w = x + 218. Is w a composite number?
True
Suppose 4*h = 211 + 361. Is h a prime number?
False
Suppose 0*o + 3715 = 5*o. Is o composite?
False
Suppose -5*s - 3*o - 5 = -3*s, 0 = -2*s + 4*o + 16. Suppose -47 = -t + 3*y, -3*t - 3*y + 191 = -s*y. Is t prime?
False
Let u(d) = -8*d**2 - 2*d**3 + 7 - 4*d + 2*d + 17*d + d**3. Is u(-11) prime?
False
Let g be 45/(-10)*(-2)/3. Suppose -5*c = 4*u - 791, -g*u - 97 = -c + 46. Is c prime?
False
Suppose 631 = 5*a - 369. Suppose 2*w = 5*g - 257, -4*g + 3*w + a = -0*g. Is g prime?
True
Let f(h) = -2*h - 7. Let b be f(-8). Suppose -b*l + 13*l - 2740 = 0. Is l composite?
True
Is 68 + 7/(35/(-15)) prime?
False
Let w(u) = -22*u + 1. Let d be w(1). Is (-92)/(-5) + d/(-35) a prime number?
True
Suppose 2*i = -5*m - i - 19, -3*m - 5*i - 5 = 0. Let l(d) = -4*d + 5. Is l(m) a composite number?
True
Let c(n) = -9*n + 2. Is c(-8) a prime number?
False
Let y = -417 + 625. Is 6 + 12/(-4) + y composite?
False
Let m = -6308 + 9847. Suppose v - 3*h = 5*v - m, -890 = -v + h. Is v prime?
True
Let g = 1460 - 919. Is g a composite number?
False
Suppose -4*s = -3*f - 17099, -3*s + f - 17079 = -7*s. Is s a prime number?
True
Is 17178/4*(-18)/(-27) composite?
True
Suppose 0 = 3*v - 2*d - 3491, 2*d = 2*v + 5*d - 2323. Is v prime?
True
Let l = -3 - -3. Suppose 0 = -l*g + g - 97. Is g prime?
True
Is 2827 - (1 - 1) - 96/(-24) composite?
True
Let i be (2/6)/(2/(-606))